{"id":9383,"date":"2024-07-10T13:13:41","date_gmt":"2024-07-10T16:13:41","guid":{"rendered":"https:\/\/teknapower.com.br\/?post_type=product&#038;p=9383"},"modified":"2024-07-10T13:13:41","modified_gmt":"2024-07-10T16:13:41","slug":"motosserra-a-gasolina-tekna-com-sabre-de-20-cs58xs20or","status":"publish","type":"product","link":"https:\/\/teknapower.com.br\/?product=motosserra-a-gasolina-tekna-com-sabre-de-20-cs58xs20or","title":{"rendered":"Motosserra a Gasolina Tekna com sabre de 20&#8243; \u2013 CS58XS20OR"},"content":{"rendered":"<p>A Motosserra CS58XS20OR \u00e9 ideal para corte de \u00e1rvores, lenha, marcenaria, carpintaria e poda de \u00e1rvores em \u00e1reas rurais ou urbanas, no trabalho frequente. Seu sistema anti vibrat\u00f3rio diminui a vibra\u00e7\u00e3o e aumenta a estabilidade no momento da opera\u00e7\u00e3o. \u00c9 equipada com carca\u00e7a em magn\u00e9sio que resulta em uma pot\u00eancia superior com menor esfor\u00e7o. J\u00e1 o carburador Walbro e vela Champion, garantem alto desempenho e durabilidade da motosserra. S\u00e3o pe\u00e7as de alta qualidade, que apresentam uma excelente rela\u00e7\u00e3o peso\/pot\u00eancia e custo benef\u00edcio, proporcionando baixa manuten\u00e7\u00e3o do equipamento. Acompanha kit de ferramentas, capa para o sabre e misturador de combust\u00edvel.<\/p>\n<p>\u2022 Cilindrada 54 cc<br \/>\n\u2022 Pot\u00eancia 3.35 HP<br \/>\n\u2022 Sabre Oregon de 20\u201d SN<br \/>\n\u2022 Passo\/calibre 3\/8\u201dx 0,058\u201d 73D<br \/>\n\u2022 Rota\u00e7\u00e3o M\u00e1xima de 11000 rpm<\/p>\n","protected":false},"excerpt":{"rendered":"<p>A Motosserra Tekna CS58XS20OR \u00e9 ergon\u00f4mica e de f\u00e1cil manuseio, sua pot\u00eancia permite realizar trabalhos de forma r\u00e1pida e produtiva. Com carburador Walbro, vela Champion e conjunto de corte Oregon.<\/p>\n<p>\u2022 Conjunto de corte Oregon<br \/>\n\u2022 Carburador Walbro<br \/>\n\u2022 Vela Champion<br \/>\n\u2022 Bomba de \u00d3leo Autom\u00e1tica<br \/>\n\u2022 Carca\u00e7a em Magn\u00e9sio<\/p>\n","protected":false},"featured_media":9385,"comment_status":"open","ping_status":"closed","template":"","meta":[],"pwb-brand":[],"product_cat":[35,120,40,128],"product_tag":[],"class_list":{"0":"post-9383","1":"product","2":"type-product","3":"status-publish","4":"has-post-thumbnail","6":"product_cat-agricola","7":"product_cat-motosserra","8":"product_cat-jardim","9":"product_cat-motosserra-jardim","11":"first","12":"instock","13":"shipping-taxable","14":"product-type-simple"},"brands":[],"_links":{"self":[{"href":"https:\/\/teknapower.com.br\/index.php?rest_route=\/wp\/v2\/product\/9383","targetHints":{"allow":["GET"]}}],"collection":[{"href":"https:\/\/teknapower.com.br\/index.php?rest_route=\/wp\/v2\/product"}],"about":[{"href":"https:\/\/teknapower.com.br\/index.php?rest_route=\/wp\/v2\/types\/product"}],"replies":[{"embeddable":true,"href":"https:\/\/teknapower.com.br\/index.php?rest_route=%2Fwp%2Fv2%2Fcomments&post=9383"}],"wp:featuredmedia":[{"embeddable":true,"href":"https:\/\/teknapower.com.br\/index.php?rest_route=\/wp\/v2\/media\/9385"}],"wp:attachment":[{"href":"https:\/\/teknapower.com.br\/index.php?rest_route=%2Fwp%2Fv2%2Fmedia&parent=9383"}],"wp:term":[{"taxonomy":"pwb-brand","embeddable":true,"href":"https:\/\/teknapower.com.br\/index.php?rest_route=%2Fwp%2Fv2%2Fpwb-brand&post=9383"},{"taxonomy":"product_cat","embeddable":true,"href":"https:\/\/teknapower.com.br\/index.php?rest_route=%2Fwp%2Fv2%2Fproduct_cat&post=9383"},{"taxonomy":"product_tag","embeddable":true,"href":"https:\/\/teknapower.com.br\/index.php?rest_route=%2Fwp%2Fv2%2Fproduct_tag&post=9383"}],"curies":[{"name":"wp","href":"https:\/\/api.w.org\/{rel}","templated":true}]}}