{"id":802,"date":"2021-01-07T17:38:32","date_gmt":"2021-01-07T20:38:32","guid":{"rendered":"http:\/\/45.82.73.87\/tekna\/?post_type=product&#038;p=802"},"modified":"2021-08-18T17:33:35","modified_gmt":"2021-08-18T20:33:35","slug":"escova-de-aco","status":"publish","type":"product","link":"https:\/\/teknapower.com.br\/?product=escova-de-aco","title":{"rendered":"Broca Simples 150 mm \u2013 709-0004"},"content":{"rendered":"<p>Escova de a\u00e7o<\/p>\n","protected":false},"excerpt":{"rendered":"<p>Broca de Espiral Simples com di\u00e2metro de 150 mm e 800 mm de comprimento. Possui l\u00e2mina de corte de 60 mm, do tipo remov\u00edvel. Feita com material dur\u00e1vel e resistente, exige menor esfor\u00e7o do operador.<\/p>\n","protected":false},"featured_media":2488,"comment_status":"open","ping_status":"closed","template":"","meta":[],"pwb-brand":[],"product_cat":[309,55],"product_tag":[],"class_list":{"0":"post-802","1":"product","2":"type-product","3":"status-publish","4":"has-post-thumbnail","6":"product_cat-perfuradores-de-solo-acessorios","7":"product_cat-acessorios","9":"first","10":"instock","11":"shipping-taxable","12":"product-type-simple"},"brands":[],"_links":{"self":[{"href":"https:\/\/teknapower.com.br\/index.php?rest_route=\/wp\/v2\/product\/802","targetHints":{"allow":["GET"]}}],"collection":[{"href":"https:\/\/teknapower.com.br\/index.php?rest_route=\/wp\/v2\/product"}],"about":[{"href":"https:\/\/teknapower.com.br\/index.php?rest_route=\/wp\/v2\/types\/product"}],"replies":[{"embeddable":true,"href":"https:\/\/teknapower.com.br\/index.php?rest_route=%2Fwp%2Fv2%2Fcomments&post=802"}],"wp:featuredmedia":[{"embeddable":true,"href":"https:\/\/teknapower.com.br\/index.php?rest_route=\/wp\/v2\/media\/2488"}],"wp:attachment":[{"href":"https:\/\/teknapower.com.br\/index.php?rest_route=%2Fwp%2Fv2%2Fmedia&parent=802"}],"wp:term":[{"taxonomy":"pwb-brand","embeddable":true,"href":"https:\/\/teknapower.com.br\/index.php?rest_route=%2Fwp%2Fv2%2Fpwb-brand&post=802"},{"taxonomy":"product_cat","embeddable":true,"href":"https:\/\/teknapower.com.br\/index.php?rest_route=%2Fwp%2Fv2%2Fproduct_cat&post=802"},{"taxonomy":"product_tag","embeddable":true,"href":"https:\/\/teknapower.com.br\/index.php?rest_route=%2Fwp%2Fv2%2Fproduct_tag&post=802"}],"curies":[{"name":"wp","href":"https:\/\/api.w.org\/{rel}","templated":true}]}}