{"id":798,"date":"2021-01-07T17:35:32","date_gmt":"2021-01-07T20:35:32","guid":{"rendered":"http:\/\/45.82.73.87\/tekna\/?post_type=product&#038;p=798"},"modified":"2021-08-18T15:47:40","modified_gmt":"2021-08-18T18:47:40","slug":"removedor-de-rebarbas-de-barra","status":"publish","type":"product","link":"https:\/\/teknapower.com.br\/?product=removedor-de-rebarbas-de-barra","title":{"rendered":"Kit de Acess\u00f3rios de Compressor de Ar &#8211; KCA5P"},"content":{"rendered":"<p>Removedor de Rebarbas de Barra<\/p>\n","protected":false},"excerpt":{"rendered":"<p>Kit de Acess\u00f3rios para Compressor de Ar, de alta resist\u00eancia e praticidade. O completo kit conta com: Pistola de Pintura, para aplica\u00e7\u00e3o de esmaltes, vernizes e tintas a \u00f3leo; Pistola para Pulveriza\u00e7\u00e3o; Calibrador de Pneus com Man\u00f4metro; Pistola para Limpeza ou Enchimento; e Mangueira Espiral de 5 metros. Desenvolvido para diversos tipos de aplica\u00e7\u00e3o.<\/p>\n","protected":false},"featured_media":2490,"comment_status":"open","ping_status":"closed","template":"","meta":[],"pwb-brand":[],"product_cat":[304,55],"product_tag":[306,305],"class_list":{"0":"post-798","1":"product","2":"type-product","3":"status-publish","4":"has-post-thumbnail","6":"product_cat-compressor-de-ar","7":"product_cat-acessorios","8":"product_tag-kit-de-acessorios","9":"product_tag-pistola-compressor-de-ar","11":"first","12":"instock","13":"shipping-taxable","14":"product-type-simple"},"brands":[],"_links":{"self":[{"href":"https:\/\/teknapower.com.br\/index.php?rest_route=\/wp\/v2\/product\/798","targetHints":{"allow":["GET"]}}],"collection":[{"href":"https:\/\/teknapower.com.br\/index.php?rest_route=\/wp\/v2\/product"}],"about":[{"href":"https:\/\/teknapower.com.br\/index.php?rest_route=\/wp\/v2\/types\/product"}],"replies":[{"embeddable":true,"href":"https:\/\/teknapower.com.br\/index.php?rest_route=%2Fwp%2Fv2%2Fcomments&post=798"}],"wp:featuredmedia":[{"embeddable":true,"href":"https:\/\/teknapower.com.br\/index.php?rest_route=\/wp\/v2\/media\/2490"}],"wp:attachment":[{"href":"https:\/\/teknapower.com.br\/index.php?rest_route=%2Fwp%2Fv2%2Fmedia&parent=798"}],"wp:term":[{"taxonomy":"pwb-brand","embeddable":true,"href":"https:\/\/teknapower.com.br\/index.php?rest_route=%2Fwp%2Fv2%2Fpwb-brand&post=798"},{"taxonomy":"product_cat","embeddable":true,"href":"https:\/\/teknapower.com.br\/index.php?rest_route=%2Fwp%2Fv2%2Fproduct_cat&post=798"},{"taxonomy":"product_tag","embeddable":true,"href":"https:\/\/teknapower.com.br\/index.php?rest_route=%2Fwp%2Fv2%2Fproduct_tag&post=798"}],"curies":[{"name":"wp","href":"https:\/\/api.w.org\/{rel}","templated":true}]}}