{"id":7521,"date":"2023-12-19T13:52:26","date_gmt":"2023-12-19T16:52:26","guid":{"rendered":"https:\/\/teknapower.com.br\/?post_type=product&#038;p=7521"},"modified":"2024-07-10T09:52:35","modified_gmt":"2024-07-10T12:52:35","slug":"motobomba-a-gasolina-tekna-mb15p","status":"publish","type":"product","link":"https:\/\/teknapower.com.br\/?product=motobomba-a-gasolina-tekna-mb15p","title":{"rendered":"Motobomba a Gasolina Tekna \u2013 MB15P"},"content":{"rendered":"<p>A Motobomba MB15P \u00e9 ideal para situa\u00e7\u00f5es em que a bomba precisa ficar acima do l\u00edquido, como em sistemas de irriga\u00e7\u00e3o, drenagem de \u00e1guas pluviais e abastecimento de \u00e1gua em locais remotos. Oferece uma excelente autonomia, alta pot\u00eancia, vaz\u00e3o e suc\u00e7\u00e3o. \u00c9 port\u00e1til e de f\u00e1cil armazenagem, possui al\u00e7a para facilitar o transporte e p\u00e9s que garantem a estabilidade do equipamento.<\/p>\n<p>\u2022 Motor 2 Tempos<br \/>\n\u2022 Cilindrada 51,7 cc<br \/>\n\u2022 Di\u00e2metro de Suc\u00e7\u00e3o e Recalque 1.5\u201d x 1.5\u201d<br \/>\n\u2022 Altura M\u00e1xima 20 m<br \/>\n\u2022 Vaz\u00e3o M\u00e1xima 10 m\u00b3\/h<br \/>\n\u2022 Suc\u00e7\u00e3o M\u00e1xima 6 m.c.a<\/p>\n","protected":false},"excerpt":{"rendered":"<p>A Motobomba Autoescorvante a Gasolina Tekna MB15P \u00e9 equipada com motor 2 tempos de 2 HP de pot\u00eancia e 51,7 cilindradas. Sua estrutura compacta apresenta baixo peso, com di\u00e2metro de suc\u00e7\u00e3o e recalque de 1.5\u201d x 1.5\u201d<\/p>\n<p>\u2022 Bomba Autoescorvante<br \/>\n\u2022 Estrutura Compacta<br \/>\n\u2022 Port\u00e1til<br \/>\n\u2022 Com Al\u00e7a<\/p>\n","protected":false},"featured_media":7522,"comment_status":"open","ping_status":"closed","template":"","meta":[],"pwb-brand":[],"product_cat":[772,42],"product_tag":[171,105,106,139,138,140],"class_list":{"0":"post-7521","1":"product","2":"type-product","3":"status-publish","4":"has-post-thumbnail","6":"product_cat-linha-plus","7":"product_cat-motobombas","8":"product_tag-bomba-autoescorvante","9":"product_tag-motobomba","10":"product_tag-motobomba-a-gasolina","11":"product_tag-motobomba-a-gasolina-autoescorvante","12":"product_tag-motobomba-a-gasolina-portatil","13":"product_tag-transferencia-de-agua","15":"first","16":"instock","17":"shipping-taxable","18":"product-type-simple"},"brands":[],"_links":{"self":[{"href":"https:\/\/teknapower.com.br\/index.php?rest_route=\/wp\/v2\/product\/7521","targetHints":{"allow":["GET"]}}],"collection":[{"href":"https:\/\/teknapower.com.br\/index.php?rest_route=\/wp\/v2\/product"}],"about":[{"href":"https:\/\/teknapower.com.br\/index.php?rest_route=\/wp\/v2\/types\/product"}],"replies":[{"embeddable":true,"href":"https:\/\/teknapower.com.br\/index.php?rest_route=%2Fwp%2Fv2%2Fcomments&post=7521"}],"wp:featuredmedia":[{"embeddable":true,"href":"https:\/\/teknapower.com.br\/index.php?rest_route=\/wp\/v2\/media\/7522"}],"wp:attachment":[{"href":"https:\/\/teknapower.com.br\/index.php?rest_route=%2Fwp%2Fv2%2Fmedia&parent=7521"}],"wp:term":[{"taxonomy":"pwb-brand","embeddable":true,"href":"https:\/\/teknapower.com.br\/index.php?rest_route=%2Fwp%2Fv2%2Fpwb-brand&post=7521"},{"taxonomy":"product_cat","embeddable":true,"href":"https:\/\/teknapower.com.br\/index.php?rest_route=%2Fwp%2Fv2%2Fproduct_cat&post=7521"},{"taxonomy":"product_tag","embeddable":true,"href":"https:\/\/teknapower.com.br\/index.php?rest_route=%2Fwp%2Fv2%2Fproduct_tag&post=7521"}],"curies":[{"name":"wp","href":"https:\/\/api.w.org\/{rel}","templated":true}]}}