{"id":3910,"date":"2021-08-24T14:54:47","date_gmt":"2021-08-24T17:54:47","guid":{"rendered":"https:\/\/teknapower.com.br\/?post_type=product&#038;p=3910"},"modified":"2021-08-24T14:54:47","modified_gmt":"2021-08-24T17:54:47","slug":"kit-lamina-de-corte-60-mm-709-0211","status":"publish","type":"product","link":"https:\/\/teknapower.com.br\/?product=kit-lamina-de-corte-60-mm-709-0211","title":{"rendered":"Kit L\u00e2mina de Corte 60 mm \u2013 709-0211"},"content":{"rendered":"","protected":false},"excerpt":{"rendered":"<p>Kit com 1 L\u00e2mina Corte de 60mm e L\u00e2mina Escarificadora de 60mm para Broca Duplo Espiral de \u00f8 150 mm, que oferecem qualidade, durabilidade e precis\u00e3o no corte.<\/p>\n<p>Para Broca Dupla 709-0015.<\/p>\n","protected":false},"featured_media":3911,"comment_status":"open","ping_status":"closed","template":"","meta":[],"pwb-brand":[],"product_cat":[309,55],"product_tag":[],"class_list":{"0":"post-3910","1":"product","2":"type-product","3":"status-publish","4":"has-post-thumbnail","6":"product_cat-perfuradores-de-solo-acessorios","7":"product_cat-acessorios","9":"first","10":"instock","11":"shipping-taxable","12":"product-type-simple"},"brands":[],"_links":{"self":[{"href":"https:\/\/teknapower.com.br\/index.php?rest_route=\/wp\/v2\/product\/3910","targetHints":{"allow":["GET"]}}],"collection":[{"href":"https:\/\/teknapower.com.br\/index.php?rest_route=\/wp\/v2\/product"}],"about":[{"href":"https:\/\/teknapower.com.br\/index.php?rest_route=\/wp\/v2\/types\/product"}],"replies":[{"embeddable":true,"href":"https:\/\/teknapower.com.br\/index.php?rest_route=%2Fwp%2Fv2%2Fcomments&post=3910"}],"wp:featuredmedia":[{"embeddable":true,"href":"https:\/\/teknapower.com.br\/index.php?rest_route=\/wp\/v2\/media\/3911"}],"wp:attachment":[{"href":"https:\/\/teknapower.com.br\/index.php?rest_route=%2Fwp%2Fv2%2Fmedia&parent=3910"}],"wp:term":[{"taxonomy":"pwb-brand","embeddable":true,"href":"https:\/\/teknapower.com.br\/index.php?rest_route=%2Fwp%2Fv2%2Fpwb-brand&post=3910"},{"taxonomy":"product_cat","embeddable":true,"href":"https:\/\/teknapower.com.br\/index.php?rest_route=%2Fwp%2Fv2%2Fproduct_cat&post=3910"},{"taxonomy":"product_tag","embeddable":true,"href":"https:\/\/teknapower.com.br\/index.php?rest_route=%2Fwp%2Fv2%2Fproduct_tag&post=3910"}],"curies":[{"name":"wp","href":"https:\/\/api.w.org\/{rel}","templated":true}]}}