{"id":3859,"date":"2021-08-23T18:07:37","date_gmt":"2021-08-23T21:07:37","guid":{"rendered":"https:\/\/teknapower.com.br\/?post_type=product&#038;p=3859"},"modified":"2021-08-23T18:07:38","modified_gmt":"2021-08-23T21:07:38","slug":"broca-dupla-200-mm-709-0016","status":"publish","type":"product","link":"https:\/\/teknapower.com.br\/?product=broca-dupla-200-mm-709-0016","title":{"rendered":"Broca Dupla 200 mm \u2013 709-0016"},"content":{"rendered":"","protected":false},"excerpt":{"rendered":"<p>Broca de Duplo Espiral com di\u00e2metro de 200 mm e 800 mm de comprimento. Possui 01 L\u00e2mina de corte de 85 mm e 01 Escarifadora de 85 mm, do tipo remov\u00edvel. De f\u00e1cil perfura\u00e7\u00e3o, \u00e9 feita com material dur\u00e1vel e resistente, para diversos tipos de solo.<\/p>\n","protected":false},"featured_media":3860,"comment_status":"open","ping_status":"closed","template":"","meta":[],"pwb-brand":[],"product_cat":[309,55],"product_tag":[],"class_list":{"0":"post-3859","1":"product","2":"type-product","3":"status-publish","4":"has-post-thumbnail","6":"product_cat-perfuradores-de-solo-acessorios","7":"product_cat-acessorios","9":"first","10":"instock","11":"shipping-taxable","12":"product-type-simple"},"brands":[],"_links":{"self":[{"href":"https:\/\/teknapower.com.br\/index.php?rest_route=\/wp\/v2\/product\/3859","targetHints":{"allow":["GET"]}}],"collection":[{"href":"https:\/\/teknapower.com.br\/index.php?rest_route=\/wp\/v2\/product"}],"about":[{"href":"https:\/\/teknapower.com.br\/index.php?rest_route=\/wp\/v2\/types\/product"}],"replies":[{"embeddable":true,"href":"https:\/\/teknapower.com.br\/index.php?rest_route=%2Fwp%2Fv2%2Fcomments&post=3859"}],"wp:featuredmedia":[{"embeddable":true,"href":"https:\/\/teknapower.com.br\/index.php?rest_route=\/wp\/v2\/media\/3860"}],"wp:attachment":[{"href":"https:\/\/teknapower.com.br\/index.php?rest_route=%2Fwp%2Fv2%2Fmedia&parent=3859"}],"wp:term":[{"taxonomy":"pwb-brand","embeddable":true,"href":"https:\/\/teknapower.com.br\/index.php?rest_route=%2Fwp%2Fv2%2Fpwb-brand&post=3859"},{"taxonomy":"product_cat","embeddable":true,"href":"https:\/\/teknapower.com.br\/index.php?rest_route=%2Fwp%2Fv2%2Fproduct_cat&post=3859"},{"taxonomy":"product_tag","embeddable":true,"href":"https:\/\/teknapower.com.br\/index.php?rest_route=%2Fwp%2Fv2%2Fproduct_tag&post=3859"}],"curies":[{"name":"wp","href":"https:\/\/api.w.org\/{rel}","templated":true}]}}