{"id":3761,"date":"2021-06-10T13:11:48","date_gmt":"2021-06-10T16:11:48","guid":{"rendered":"https:\/\/teknapower.com.br\/?post_type=product&#038;p=3761"},"modified":"2021-06-10T13:11:48","modified_gmt":"2021-06-10T16:11:48","slug":"maquina-de-solda-tekna-tw140icbm-mma","status":"publish","type":"product","link":"https:\/\/teknapower.com.br\/?product=maquina-de-solda-tekna-tw140icbm-mma","title":{"rendered":"M\u00e1quina de Solda Tekna \u2013 TW140ICBM-MMA"},"content":{"rendered":"<p>A M\u00e1quina de Solda Tekna \u00e9 um equipamento que, por ser compacto e leve, permite trabalhos em locais de dif\u00edcil acesso. \u00c9 ideal para reparar estruturas met\u00e1licas em geral. Sua estrutura robusta, confere durabilidade e resist\u00eancia ao produto, com al\u00e7a facilita o transporte. Al\u00e9m disso, possu\u00ed painel digital e baixo consumo de energia, sendo uma op\u00e7\u00e3o com excelente custo-benef\u00edcio.<\/p>\n<p>\u2022 Tens\u00e3o Bivolt<br \/>\n\u2022 Faixa de Corrente 10 \u2013 95 A (127 v)<br \/>\n\u2022 Faixa de Corrente 10 \u2013 135 A (220 v)<br \/>\n\u2022 Ciclo de Trabalho 60%<br \/>\n\u2022 Eletrodo Recomendado 1,6 \u2013 2,5 mm (127 v)<br \/>\n\u2022 Eletrodo Recomendado 1,6 \u2013 3,25 mm (220 v)<\/p>\n","protected":false},"excerpt":{"rendered":"<p>A M\u00e1quina de Solda Tekna TW140ICBM-MMA \u00e9 leve e funcional. Seu ciclo de trabalho \u00e9 de 60% e 85% de efici\u00eancia. Este modelo possui panel digital que indica amperagem.<\/p>\n<p>\u2022 Al\u00e7a para Facilitar o Transporte<br \/>\n\u2022 Com Painel Digital<br \/>\n\u2022 Bivolt<\/p>\n","protected":false},"featured_media":3762,"comment_status":"open","ping_status":"closed","template":"","meta":[],"pwb-brand":[],"product_cat":[15],"product_tag":[300,297,298,299],"class_list":{"0":"post-3761","1":"product","2":"type-product","3":"status-publish","4":"has-post-thumbnail","6":"product_cat-maquinas-de-solda","7":"product_tag-equipamentos-de-soldagem","8":"product_tag-maquina-de-solda","9":"product_tag-maquina-de-solda-220-v","10":"product_tag-maquina-para-soldar","12":"first","13":"instock","14":"shipping-taxable","15":"product-type-simple"},"brands":[],"_links":{"self":[{"href":"https:\/\/teknapower.com.br\/index.php?rest_route=\/wp\/v2\/product\/3761","targetHints":{"allow":["GET"]}}],"collection":[{"href":"https:\/\/teknapower.com.br\/index.php?rest_route=\/wp\/v2\/product"}],"about":[{"href":"https:\/\/teknapower.com.br\/index.php?rest_route=\/wp\/v2\/types\/product"}],"replies":[{"embeddable":true,"href":"https:\/\/teknapower.com.br\/index.php?rest_route=%2Fwp%2Fv2%2Fcomments&post=3761"}],"wp:featuredmedia":[{"embeddable":true,"href":"https:\/\/teknapower.com.br\/index.php?rest_route=\/wp\/v2\/media\/3762"}],"wp:attachment":[{"href":"https:\/\/teknapower.com.br\/index.php?rest_route=%2Fwp%2Fv2%2Fmedia&parent=3761"}],"wp:term":[{"taxonomy":"pwb-brand","embeddable":true,"href":"https:\/\/teknapower.com.br\/index.php?rest_route=%2Fwp%2Fv2%2Fpwb-brand&post=3761"},{"taxonomy":"product_cat","embeddable":true,"href":"https:\/\/teknapower.com.br\/index.php?rest_route=%2Fwp%2Fv2%2Fproduct_cat&post=3761"},{"taxonomy":"product_tag","embeddable":true,"href":"https:\/\/teknapower.com.br\/index.php?rest_route=%2Fwp%2Fv2%2Fproduct_tag&post=3761"}],"curies":[{"name":"wp","href":"https:\/\/api.w.org\/{rel}","templated":true}]}}