{"id":3677,"date":"2021-06-10T10:55:24","date_gmt":"2021-06-10T13:55:24","guid":{"rendered":"https:\/\/teknapower.com.br\/?post_type=product&#038;p=3677"},"modified":"2021-06-11T13:46:25","modified_gmt":"2021-06-11T16:46:25","slug":"rocadeira-a-gasolina-tekna-rl400xs-4t-2","status":"publish","type":"product","link":"https:\/\/teknapower.com.br\/?product=rocadeira-a-gasolina-tekna-rl400xs-4t-2","title":{"rendered":"Ro\u00e7adeira a Gasolina Tekna \u2013 RL400XS-4T"},"content":{"rendered":"<p>Adequada para uso frequente, a Ro\u00e7adeira a Gasolina Tekna RL400XS-4T atende as necessidades de quem busca um equipamento econ\u00f4mico, silencioso, com menor vibra\u00e7\u00e3o e que emite um baixo n\u00edvel de poluentes. Realiza de forma eficiente o corte e manuten\u00e7\u00e3o de grama, ervas daninhas, mato e vegeta\u00e7\u00e3o rasteira de m\u00e9dia e alta densidade. Oferece uma \u00f3tima rela\u00e7\u00e3o peso-pot\u00eancia, e uma opera\u00e7\u00e3o suave e silenciosa, por\u00e9m, com grande rendimento. Equipado com pe\u00e7as de alta qualidade que proporcionam maior vida \u00fatil, conta tamb\u00e9m com guid\u00e3o ergon\u00f4mico lateral, empunhadura anat\u00f4mica e tubo inteiri\u00e7o, capaz de aumentar a produtividade di\u00e1ria. Seu conjunto de acess\u00f3rios inclui kit de ferramentas, misturador de combust\u00edvel, cinto de apoio, carretel de nylon e l\u00e2mina de 3 pontas.<\/p>\n<p>\u2022 Cilindrada 42,7 cc<br \/>\n\u2022 Pot\u00eancia 1,7 HP<br \/>\n\u2022 Capacidade do Tanque 1,3 L<br \/>\n\u2022 Rota\u00e7\u00e3o M\u00e1xima 13000 RPM<\/p>\n","protected":false},"excerpt":{"rendered":"<p>A Ro\u00e7adeira Lateral Tekna RL400XS-4T possui motor a gasolina, de 38,9 CC e 1,6 HP, que proporciona alta resist\u00eancia e pot\u00eancia. Seu grande diferencial est\u00e1 na menor emiss\u00e3o de gases poluentes e na economia de combust\u00edvel, resultado de um excelente motor 4 tempos.<\/p>\n<p>\u2022 Guid\u00e3o Lateral<br \/>\n\u2022 Kit de Ferramentas<br \/>\n\u2022 Maior Vida \u00datil<br \/>\n\u2022 Menor emiss\u00e3o de gases<br \/>\n\u2022 Silencioso<\/p>\n","protected":false},"featured_media":3678,"comment_status":"open","ping_status":"closed","template":"","meta":[],"pwb-brand":[],"product_cat":[35,124,40,129],"product_tag":[170,236,81,253,254,82],"class_list":{"0":"post-3677","1":"product","2":"type-product","3":"status-publish","4":"has-post-thumbnail","6":"product_cat-agricola","7":"product_cat-rocadeira","8":"product_cat-jardim","9":"product_cat-rocadeira-jardim","10":"product_tag-cuidados-com-o-jardim","11":"product_tag-manutencao-do-jardim","12":"product_tag-rocadeira","13":"product_tag-rocadeira-4-tempos","14":"product_tag-rocadeira-4-tempos-a-gasolina","15":"product_tag-rocadeira-a-gasolina","17":"first","18":"instock","19":"shipping-taxable","20":"product-type-simple"},"brands":[],"_links":{"self":[{"href":"https:\/\/teknapower.com.br\/index.php?rest_route=\/wp\/v2\/product\/3677","targetHints":{"allow":["GET"]}}],"collection":[{"href":"https:\/\/teknapower.com.br\/index.php?rest_route=\/wp\/v2\/product"}],"about":[{"href":"https:\/\/teknapower.com.br\/index.php?rest_route=\/wp\/v2\/types\/product"}],"replies":[{"embeddable":true,"href":"https:\/\/teknapower.com.br\/index.php?rest_route=%2Fwp%2Fv2%2Fcomments&post=3677"}],"wp:featuredmedia":[{"embeddable":true,"href":"https:\/\/teknapower.com.br\/index.php?rest_route=\/wp\/v2\/media\/3678"}],"wp:attachment":[{"href":"https:\/\/teknapower.com.br\/index.php?rest_route=%2Fwp%2Fv2%2Fmedia&parent=3677"}],"wp:term":[{"taxonomy":"pwb-brand","embeddable":true,"href":"https:\/\/teknapower.com.br\/index.php?rest_route=%2Fwp%2Fv2%2Fpwb-brand&post=3677"},{"taxonomy":"product_cat","embeddable":true,"href":"https:\/\/teknapower.com.br\/index.php?rest_route=%2Fwp%2Fv2%2Fproduct_cat&post=3677"},{"taxonomy":"product_tag","embeddable":true,"href":"https:\/\/teknapower.com.br\/index.php?rest_route=%2Fwp%2Fv2%2Fproduct_tag&post=3677"}],"curies":[{"name":"wp","href":"https:\/\/api.w.org\/{rel}","templated":true}]}}