{"id":3674,"date":"2021-06-10T10:49:38","date_gmt":"2021-06-10T13:49:38","guid":{"rendered":"https:\/\/teknapower.com.br\/?post_type=product&#038;p=3674"},"modified":"2021-06-11T13:50:05","modified_gmt":"2021-06-11T16:50:05","slug":"rocadeira-multifuncional-a-gasolina-tekna-mf260xs","status":"publish","type":"product","link":"https:\/\/teknapower.com.br\/?product=rocadeira-multifuncional-a-gasolina-tekna-mf260xs","title":{"rendered":"Ro\u00e7adeira Multifuncional a Gasolina Tekna \u2013 MF260XS"},"content":{"rendered":"<p>Com 25,4 cc de cilindrada a Ro\u00e7adeira Multifuncional Tekna realiza de forma \u00e1gil e confort\u00e1vel o cuidado com gramados, jardins e quintais. Adequada para uso frequente, \u00e9 ideal para o corte de grama, corte em galhos de \u00e1rvore e poda em cercas vivas. Oferece uma \u00f3tima rela\u00e7\u00e3o peso-pot\u00eancia, que proporciona baixo consumo de combust\u00edvel. Com guid\u00e3o ergon\u00f4mico modelo &#8216;D&#8217; facilita o manuseio e distribui bem o peso do equipamento, evitando o excessivo cansa\u00e7o durante o uso. Seu kit de acess\u00f3rios inclui kit de ferramentas, misturador de combust\u00edvel, cinto de apoio,carretel de nylon e l\u00e2mina de 3 pontas.<\/p>\n<p>\u2022 Cilindrada 25,4 cc<br \/>\n\u2022 Pot\u00eancia 1 HP<br \/>\n\u2022 Largura do Corte 390 mm<br \/>\n\u2022 \u00c2ngulo de Ajuste 45\u00b0 do eixo<br \/>\n\u2022 Sabre do Podador de Altura 12\u201d<\/p>\n","protected":false},"excerpt":{"rendered":"<p>A Multifuncional a Gasolina Tekna MF260XS une ro\u00e7adeira, podador de altura e aparador de cerca viva em um s\u00f3 produto. Sua troca de acess\u00f3rios \u00e9 r\u00e1pida, o que torna o trabalho mais f\u00e1cil e pr\u00e1tico.<\/p>\n<p>\u2022 Al\u00e7a D<br \/>\n\u2022 L\u00e2mina de Poda<br \/>\n\u2022 Cabe\u00e7ote de Nylon e L\u00e2mina<br \/>\n\u2022 Sabre<\/p>\n","protected":false},"featured_media":3675,"comment_status":"open","ping_status":"closed","template":"","meta":[],"pwb-brand":[],"product_cat":[35,124,40,129],"product_tag":[170,236,81,255,256,257],"class_list":{"0":"post-3674","1":"product","2":"type-product","3":"status-publish","4":"has-post-thumbnail","6":"product_cat-agricola","7":"product_cat-rocadeira","8":"product_cat-jardim","9":"product_cat-rocadeira-jardim","10":"product_tag-cuidados-com-o-jardim","11":"product_tag-manutencao-do-jardim","12":"product_tag-rocadeira","13":"product_tag-rocadeira-multifuncional","14":"product_tag-rocadeira-multifuncional-a-gasolina","15":"product_tag-rocadeira-multifuncoes","17":"first","18":"instock","19":"shipping-taxable","20":"product-type-simple"},"brands":[],"_links":{"self":[{"href":"https:\/\/teknapower.com.br\/index.php?rest_route=\/wp\/v2\/product\/3674","targetHints":{"allow":["GET"]}}],"collection":[{"href":"https:\/\/teknapower.com.br\/index.php?rest_route=\/wp\/v2\/product"}],"about":[{"href":"https:\/\/teknapower.com.br\/index.php?rest_route=\/wp\/v2\/types\/product"}],"replies":[{"embeddable":true,"href":"https:\/\/teknapower.com.br\/index.php?rest_route=%2Fwp%2Fv2%2Fcomments&post=3674"}],"wp:featuredmedia":[{"embeddable":true,"href":"https:\/\/teknapower.com.br\/index.php?rest_route=\/wp\/v2\/media\/3675"}],"wp:attachment":[{"href":"https:\/\/teknapower.com.br\/index.php?rest_route=%2Fwp%2Fv2%2Fmedia&parent=3674"}],"wp:term":[{"taxonomy":"pwb-brand","embeddable":true,"href":"https:\/\/teknapower.com.br\/index.php?rest_route=%2Fwp%2Fv2%2Fpwb-brand&post=3674"},{"taxonomy":"product_cat","embeddable":true,"href":"https:\/\/teknapower.com.br\/index.php?rest_route=%2Fwp%2Fv2%2Fproduct_cat&post=3674"},{"taxonomy":"product_tag","embeddable":true,"href":"https:\/\/teknapower.com.br\/index.php?rest_route=%2Fwp%2Fv2%2Fproduct_tag&post=3674"}],"curies":[{"name":"wp","href":"https:\/\/api.w.org\/{rel}","templated":true}]}}