{"id":1819,"date":"2021-04-21T15:28:16","date_gmt":"2021-04-21T18:28:16","guid":{"rendered":"http:\/\/45.82.73.87\/tekna\/?post_type=product&#038;p=1819"},"modified":"2024-06-14T10:51:02","modified_gmt":"2024-06-14T13:51:02","slug":"lavadora-de-alta-pressao-eletrica-hlx200v","status":"publish","type":"product","link":"https:\/\/teknapower.com.br\/?product=lavadora-de-alta-pressao-eletrica-hlx200v","title":{"rendered":"Lavadora de Alta Press\u00e3o El\u00e9trica Tekna \u2013 HLX200V"},"content":{"rendered":"<p>A Lavadora de Alta Press\u00e3o HLX200V conta com press\u00e3o m\u00e1xima de 14 MPa que realiza uma limpeza eficiente e evita o desperd\u00edcio de \u00e1gua. Garante uma opera\u00e7\u00e3o segura com seu sistema de parada Auto-stop, em que faz a parada imediata ao soltar o gatilho. Desenvolvida para uso frequente, \u00e9 indicada para lavar cal\u00e7adas, pisos, autom\u00f3veis e remover at\u00e9 as sujeiras mais pesadas de \u00e1reas externas. Seu kit de acess\u00f3rios inclui recipiente para detergente, pistola, mangueira de 5 metros e lan\u00e7a regul\u00e1vel.<\/p>\n<p>\u2022 Motor El\u00e9trico de Escovas<br \/>\n\u2022 Pot\u00eancia de 1800 W<br \/>\n\u2022 Press\u00e3o M\u00e1xima de 14 MPa<br \/>\n\u2022 Vaz\u00e3o M\u00e1xima de 7,2 L\/min<br \/>\n\u2022 Tens\u00e3o 127 V<br \/>\n\u2022 Mangueira de 5 metros<\/p>\n","protected":false},"excerpt":{"rendered":"<p>A Lavadora Tekna HLX2001V possui motor de alto desempenho de 1800 W de pot\u00eancia e conta com uma vaz\u00e3o m\u00e1xima de 7,2 litros por minuto. Pr\u00e1tica e vers\u00e1til, possui rodas para facilitar o transporte e encaixe para todos os acess\u00f3rios.<\/p>\n<p>\u2022 Motor de Escovas<br \/>\n\u2022 Bomba de alum\u00ednio<br \/>\n\u2022 Completo Kit de Acess\u00f3rios<br \/>\n\u2022 Com rodas<\/p>\n","protected":false},"featured_media":1820,"comment_status":"open","ping_status":"closed","template":"","meta":[],"pwb-brand":[],"product_cat":[83,130],"product_tag":[175,100,101,173,172,174],"class_list":{"0":"post-1819","1":"product","2":"type-product","3":"status-publish","4":"has-post-thumbnail","6":"product_cat-limpeza","7":"product_cat-lavadora-de-alta-pressao","8":"product_tag-equipamentos-de-limpeza","9":"product_tag-lavadora","10":"product_tag-lavadora-de-alta-pressao","11":"product_tag-lavadora-de-alta-pressao-127-v","12":"product_tag-lavadora-de-alta-pressao-eletrica","13":"product_tag-limpeza-de-calcadas","15":"first","16":"instock","17":"shipping-taxable","18":"product-type-simple"},"brands":[],"_links":{"self":[{"href":"https:\/\/teknapower.com.br\/index.php?rest_route=\/wp\/v2\/product\/1819","targetHints":{"allow":["GET"]}}],"collection":[{"href":"https:\/\/teknapower.com.br\/index.php?rest_route=\/wp\/v2\/product"}],"about":[{"href":"https:\/\/teknapower.com.br\/index.php?rest_route=\/wp\/v2\/types\/product"}],"replies":[{"embeddable":true,"href":"https:\/\/teknapower.com.br\/index.php?rest_route=%2Fwp%2Fv2%2Fcomments&post=1819"}],"wp:featuredmedia":[{"embeddable":true,"href":"https:\/\/teknapower.com.br\/index.php?rest_route=\/wp\/v2\/media\/1820"}],"wp:attachment":[{"href":"https:\/\/teknapower.com.br\/index.php?rest_route=%2Fwp%2Fv2%2Fmedia&parent=1819"}],"wp:term":[{"taxonomy":"pwb-brand","embeddable":true,"href":"https:\/\/teknapower.com.br\/index.php?rest_route=%2Fwp%2Fv2%2Fpwb-brand&post=1819"},{"taxonomy":"product_cat","embeddable":true,"href":"https:\/\/teknapower.com.br\/index.php?rest_route=%2Fwp%2Fv2%2Fproduct_cat&post=1819"},{"taxonomy":"product_tag","embeddable":true,"href":"https:\/\/teknapower.com.br\/index.php?rest_route=%2Fwp%2Fv2%2Fproduct_tag&post=1819"}],"curies":[{"name":"wp","href":"https:\/\/api.w.org\/{rel}","templated":true}]}}