{"id":1541,"date":"2021-04-20T18:55:18","date_gmt":"2021-04-20T21:55:18","guid":{"rendered":"http:\/\/45.82.73.87\/tekna\/?post_type=product&#038;p=1541"},"modified":"2024-07-10T14:50:36","modified_gmt":"2024-07-10T17:50:36","slug":"motosserra-a-gasolina-cs46sac-2","status":"publish","type":"product","link":"https:\/\/teknapower.com.br\/?product=motosserra-a-gasolina-cs46sac-2","title":{"rendered":"Motosserra a Gasolina Tekna com sabre de 16&#8243; \u2013 CS46S16AC"},"content":{"rendered":"<p>Adequada para trabalho ocasional, a Motosserra Tekna CS46AC \u00e9 ideal para corte de \u00e1rvores, lenha, marcenaria, carpintaria e poda de \u00e1rvores. Possui design ergon\u00f4mico para maior conforto do operador, freio de seguran\u00e7a e sistema anti vibrat\u00f3rio, que diminui a vibra\u00e7\u00e3o durante o uso. Com bomba de \u00f3leo autom\u00e1tica, garante maior durabilidade ao conjunto de corte. Fabricado com pe\u00e7as de alta qualidade, apresenta uma excelente rela\u00e7\u00e3o peso\/pot\u00eancia que proporcionam baixa manuten\u00e7\u00e3o. Acompanha kit de ferramentas, capa para o sabre e misturador de combust\u00edvel.<\/p>\n<p>\u2022 Pot\u00eancia de 2.8 HP<br \/>\n\u2022 45,6 cilindradas<br \/>\n\u2022 Sabre Tekna de 16\u201d SN (40 cm)<br \/>\n\u2022 Passo\/calibre: .325\u201dx.058\u201d 21 BR<br \/>\n\u2022 Rota\u00e7\u00e3o M\u00e1xima de 11000 rpm<\/p>\n","protected":false},"excerpt":{"rendered":"<p>A Motosserra Tekna CS46SAC oferece performance e desempenho, capaz de realizar cortes precisos com pouco esfor\u00e7o e em pouco tempo. Acompanha Conjunto de Corte Oregon.<\/p>\n<p>\u2022 Com Corrente Oregon<br \/>\n\u2022 Sabre Tekna<br \/>\n\u2022 Bomba de \u00d3leo Autom\u00e1tica<br \/>\n\u2022 Freio de Seguran\u00e7a<br \/>\n\u2022 Sistema Anti-vibrat\u00f3rio<\/p>\n","protected":false},"featured_media":1542,"comment_status":"open","ping_status":"closed","template":"","meta":[],"pwb-brand":[],"product_cat":[35,120,40,128],"product_tag":[151,156,95,96,193,155],"class_list":{"0":"post-1541","1":"product","2":"type-product","3":"status-publish","4":"has-post-thumbnail","6":"product_cat-agricola","7":"product_cat-motosserra","8":"product_cat-jardim","9":"product_cat-motosserra-jardim","10":"product_tag-corte-de-arvores","11":"product_tag-equipamento-de-corte","12":"product_tag-motosserra","13":"product_tag-motosserra-a-gasolina","14":"product_tag-motosserra-a-gasolina-ocasional","15":"product_tag-motosserra-a-gasolina-tekna","17":"first","18":"instock","19":"shipping-taxable","20":"product-type-simple"},"brands":[],"_links":{"self":[{"href":"https:\/\/teknapower.com.br\/index.php?rest_route=\/wp\/v2\/product\/1541","targetHints":{"allow":["GET"]}}],"collection":[{"href":"https:\/\/teknapower.com.br\/index.php?rest_route=\/wp\/v2\/product"}],"about":[{"href":"https:\/\/teknapower.com.br\/index.php?rest_route=\/wp\/v2\/types\/product"}],"replies":[{"embeddable":true,"href":"https:\/\/teknapower.com.br\/index.php?rest_route=%2Fwp%2Fv2%2Fcomments&post=1541"}],"wp:featuredmedia":[{"embeddable":true,"href":"https:\/\/teknapower.com.br\/index.php?rest_route=\/wp\/v2\/media\/1542"}],"wp:attachment":[{"href":"https:\/\/teknapower.com.br\/index.php?rest_route=%2Fwp%2Fv2%2Fmedia&parent=1541"}],"wp:term":[{"taxonomy":"pwb-brand","embeddable":true,"href":"https:\/\/teknapower.com.br\/index.php?rest_route=%2Fwp%2Fv2%2Fpwb-brand&post=1541"},{"taxonomy":"product_cat","embeddable":true,"href":"https:\/\/teknapower.com.br\/index.php?rest_route=%2Fwp%2Fv2%2Fproduct_cat&post=1541"},{"taxonomy":"product_tag","embeddable":true,"href":"https:\/\/teknapower.com.br\/index.php?rest_route=%2Fwp%2Fv2%2Fproduct_tag&post=1541"}],"curies":[{"name":"wp","href":"https:\/\/api.w.org\/{rel}","templated":true}]}}