{"id":1384,"date":"2021-04-14T15:11:47","date_gmt":"2021-04-14T18:11:47","guid":{"rendered":"http:\/\/45.82.73.87\/tekna\/?post_type=product&#038;p=1384"},"modified":"2021-06-09T15:36:30","modified_gmt":"2021-06-09T18:36:30","slug":"rocadeira-eletrica-bc1250ss","status":"publish","type":"product","link":"https:\/\/teknapower.com.br\/?product=rocadeira-eletrica-bc1250ss","title":{"rendered":"Ro\u00e7adeira El\u00e9trica Tekna &#8211; BC1250SS"},"content":{"rendered":"<p>Ideal para uso dom\u00e9stico, a Ro\u00e7adeira El\u00e9trica Tekna BC1250SS \u00e9 equipada com motor de 1200W de pot\u00eancia, que desempenha um excelente trabalho. \u00c9 ergon\u00f4mica e altamente confort\u00e1vel no manuseio, pois conta com al\u00e7a D que permite a regulagem da altura, conforme a estatura do operador. O tubo bi-partido de \u00d8 24 mm facilita o transporte e acomoda\u00e7\u00e3o do equipamento em qualquer ambiente. Acompanha l\u00e2mina, carretel e cinto de seguran\u00e7a.<\/p>\n<p>\u2022 Pot\u00eancia de 1200 W<br \/>\n\u2022 Tens\u00e3o 127 V<br \/>\n\u2022 Di\u00e2metro de corte da L\u00e2mina \u00d8 230 mm<br \/>\n\u2022 Di\u00e2metro de corte do Fio de Nylon \u00d8 350 mm<br \/>\n\u2022 Rota\u00e7\u00e3o M\u00e1xima de 7500 RPM<\/p>\n","protected":false},"excerpt":{"rendered":"<p>A Ro\u00e7adeira El\u00e9trica Tekna BC1250SS com tubo bi-partido de f\u00e1cil acoplamento, acompanha tamb\u00e9m um carretel do tipo bate-libera para cantos e \u00e1reas de dif\u00edcil acesso e uma l\u00e2mina 4 pontas, para atender os servi\u00e7os mais pesados.<\/p>\n<p>\u2022 Com L\u00e2mina de 4 Pontas<br \/>\n\u2022 Carretel Bate-Libera<br \/>\n\u2022 Tubo Bi-partido<br \/>\n\u2022 Cinto de Seguran\u00e7a<\/p>\n","protected":false},"featured_media":1385,"comment_status":"open","ping_status":"closed","template":"","meta":[],"pwb-brand":[],"product_cat":[40,129],"product_tag":[209,170,205,207,206,208],"class_list":{"0":"post-1384","1":"product","2":"type-product","3":"status-publish","4":"has-post-thumbnail","6":"product_cat-jardim","7":"product_cat-rocadeira-jardim","8":"product_tag-aparar-a-grama","9":"product_tag-cuidados-com-o-jardim","10":"product_tag-rocadeira-eletrica","11":"product_tag-rocadeira-eletrica-127-v","12":"product_tag-rocadeira-eletrica-lateral","13":"product_tag-rocadeira-eletrica-lateral-alca-d","15":"first","16":"instock","17":"shipping-taxable","18":"product-type-simple"},"brands":[],"_links":{"self":[{"href":"https:\/\/teknapower.com.br\/index.php?rest_route=\/wp\/v2\/product\/1384","targetHints":{"allow":["GET"]}}],"collection":[{"href":"https:\/\/teknapower.com.br\/index.php?rest_route=\/wp\/v2\/product"}],"about":[{"href":"https:\/\/teknapower.com.br\/index.php?rest_route=\/wp\/v2\/types\/product"}],"replies":[{"embeddable":true,"href":"https:\/\/teknapower.com.br\/index.php?rest_route=%2Fwp%2Fv2%2Fcomments&post=1384"}],"wp:featuredmedia":[{"embeddable":true,"href":"https:\/\/teknapower.com.br\/index.php?rest_route=\/wp\/v2\/media\/1385"}],"wp:attachment":[{"href":"https:\/\/teknapower.com.br\/index.php?rest_route=%2Fwp%2Fv2%2Fmedia&parent=1384"}],"wp:term":[{"taxonomy":"pwb-brand","embeddable":true,"href":"https:\/\/teknapower.com.br\/index.php?rest_route=%2Fwp%2Fv2%2Fpwb-brand&post=1384"},{"taxonomy":"product_cat","embeddable":true,"href":"https:\/\/teknapower.com.br\/index.php?rest_route=%2Fwp%2Fv2%2Fproduct_cat&post=1384"},{"taxonomy":"product_tag","embeddable":true,"href":"https:\/\/teknapower.com.br\/index.php?rest_route=%2Fwp%2Fv2%2Fproduct_tag&post=1384"}],"curies":[{"name":"wp","href":"https:\/\/api.w.org\/{rel}","templated":true}]}}