{"id":12049,"date":"2026-01-19T08:17:50","date_gmt":"2026-01-19T11:17:50","guid":{"rendered":"https:\/\/teknapower.com.br\/?post_type=product&#038;p=12049"},"modified":"2026-01-19T09:09:29","modified_gmt":"2026-01-19T12:09:29","slug":"cortador-de-grama-dirigivel-tcg38-17m2","status":"publish","type":"product","link":"https:\/\/teknapower.com.br\/?product=cortador-de-grama-dirigivel-tcg38-17m2","title":{"rendered":"Cortador de Grama Dirig\u00edvel TCG38-17M2"},"content":{"rendered":"<p>Perfeito para opera\u00e7\u00e3o em terrenos com ch\u00e1caras, est\u00e1dios de futebol e fazenda. \u00a0O cortador TCG38-17M2 possui motor Toyama e 17HP de pot\u00eancia m\u00e1xima. Partida el\u00e9trica e transmiss\u00e3o manual de 6 velocidades, garante desempenho superior em qualquer terreno. Equipado com far\u00f3is, permite o uso ao entardecer sem comprometer o trabalho.<\/p>\n<ul>\n<li>6 velocidades, transmiss\u00e3o manual<\/li>\n<li>Di\u00e2metro do corte \u00d8 98 cm<\/li>\n<li>Tanque de 7,5 L<\/li>\n<li>17 HP de pot\u00eancia<\/li>\n<li>Motor Toyama TE170VE-X<\/li>\n<li>Raio de giro de 18\u00ba<\/li>\n<\/ul>\n","protected":false},"excerpt":{"rendered":"<p>O cortador de grama dirig\u00edvel Tekna TCG38-17M2 entrega pot\u00eancia e efici\u00eancia no seu trabalho. \u00c9 equipado com deck de 38\u201d com descarga lateral, sistema Mulching e um motor 4 tempos OHV que garante desempenho superior em qualquer terreno.<\/p>\n<ul>\n<li>Rodas antiderrapantes<\/li>\n<li>Tanque de 7,5 litros<\/li>\n<li>Partida el\u00e9trica<\/li>\n<li>7 alturas de corte<\/li>\n<\/ul>\n","protected":false},"featured_media":12051,"comment_status":"open","ping_status":"closed","template":"","meta":[],"pwb-brand":[],"product_cat":[40,59],"product_tag":[],"class_list":{"0":"post-12049","1":"product","2":"type-product","3":"status-publish","4":"has-post-thumbnail","6":"product_cat-jardim","7":"product_cat-cortador-de-grama","9":"first","10":"instock","11":"shipping-taxable","12":"product-type-simple"},"brands":[],"_links":{"self":[{"href":"https:\/\/teknapower.com.br\/index.php?rest_route=\/wp\/v2\/product\/12049","targetHints":{"allow":["GET"]}}],"collection":[{"href":"https:\/\/teknapower.com.br\/index.php?rest_route=\/wp\/v2\/product"}],"about":[{"href":"https:\/\/teknapower.com.br\/index.php?rest_route=\/wp\/v2\/types\/product"}],"replies":[{"embeddable":true,"href":"https:\/\/teknapower.com.br\/index.php?rest_route=%2Fwp%2Fv2%2Fcomments&post=12049"}],"wp:featuredmedia":[{"embeddable":true,"href":"https:\/\/teknapower.com.br\/index.php?rest_route=\/wp\/v2\/media\/12051"}],"wp:attachment":[{"href":"https:\/\/teknapower.com.br\/index.php?rest_route=%2Fwp%2Fv2%2Fmedia&parent=12049"}],"wp:term":[{"taxonomy":"pwb-brand","embeddable":true,"href":"https:\/\/teknapower.com.br\/index.php?rest_route=%2Fwp%2Fv2%2Fpwb-brand&post=12049"},{"taxonomy":"product_cat","embeddable":true,"href":"https:\/\/teknapower.com.br\/index.php?rest_route=%2Fwp%2Fv2%2Fproduct_cat&post=12049"},{"taxonomy":"product_tag","embeddable":true,"href":"https:\/\/teknapower.com.br\/index.php?rest_route=%2Fwp%2Fv2%2Fproduct_tag&post=12049"}],"curies":[{"name":"wp","href":"https:\/\/api.w.org\/{rel}","templated":true}]}}