{"id":1161,"date":"2021-03-10T15:32:43","date_gmt":"2021-03-10T18:32:43","guid":{"rendered":"http:\/\/45.82.73.87\/tekna\/?post_type=product&#038;p=1161"},"modified":"2021-06-09T17:20:37","modified_gmt":"2021-06-09T20:20:37","slug":"rocadeira-a-gasolina-bc22hmytk","status":"publish","type":"product","link":"https:\/\/teknapower.com.br\/?product=rocadeira-a-gasolina-bc22hmytk","title":{"rendered":"Ro\u00e7adeira a Gasolina Tekna \u2013 BC22HMYTK"},"content":{"rendered":"<p>A Ro\u00e7adeira Lateral Tekna com guid\u00e3o bicicleta \u00e9 ideal para manuten\u00e7\u00e3o de gramados, jardins residenciais, quintal ou pequenos terrenos. Com tubo inteiri\u00e7o de \u00d8 26 mm \u00e9 leve e \u00e1gil, facilitando o trabalho no dia a dia. Conta com um completo Kit de Ferramentas que auxiliar\u00e3o na hora de cuidar do seu jardim.<\/p>\n<p>\u2022 Cilindrada 22,5 cc<br \/>\n\u2022 Pot\u00eancia 0,8 HP<br \/>\n\u2022 Di\u00e2metro de Corte Nylon \u00d8 420 mm<br \/>\n\u2022 Di\u00e2metro de corte (l\u00e2mina) 3 pontas &#8211; \u00d8 255 mm<br \/>\n\u2022 Motor 2 Tempos, monocil\u00edndrico, refrigerado a ar<\/p>\n","protected":false},"excerpt":{"rendered":"<p>A Ro\u00e7adeira Lateral a Gasolina Tekna possui motor Maruyama 2 tempos movido a combust\u00e3o, que disp\u00f5e de um motor de 31,8 cc e 1,4 HP, cilindrada e pot\u00eancia que proporcionam grande qualidade no corte e baixo consumo de combust\u00edvel.<\/p>\n<p>\u2022 Guid\u00e3o Bicicleta<br \/>\n\u2022 Kit de Ferramentas<br \/>\n\u2022 Cinto de Suporte<br \/>\n\u2022 L\u00e2mina de Corte<br \/>\n\u2022 Cabe\u00e7ote de Nylon Bate-Libera<\/p>\n","protected":false},"featured_media":1162,"comment_status":"open","ping_status":"closed","template":"","meta":[],"pwb-brand":[],"product_cat":[35,124,40,129],"product_tag":[170,236,81,235,82,234],"class_list":{"0":"post-1161","1":"product","2":"type-product","3":"status-publish","4":"has-post-thumbnail","6":"product_cat-agricola","7":"product_cat-rocadeira","8":"product_cat-jardim","9":"product_cat-rocadeira-jardim","10":"product_tag-cuidados-com-o-jardim","11":"product_tag-manutencao-do-jardim","12":"product_tag-rocadeira","13":"product_tag-rocadeira-a-combustao","14":"product_tag-rocadeira-a-gasolina","15":"product_tag-rocadeira-lateral-a-gasolina","17":"first","18":"instock","19":"shipping-taxable","20":"product-type-simple"},"brands":[],"_links":{"self":[{"href":"https:\/\/teknapower.com.br\/index.php?rest_route=\/wp\/v2\/product\/1161","targetHints":{"allow":["GET"]}}],"collection":[{"href":"https:\/\/teknapower.com.br\/index.php?rest_route=\/wp\/v2\/product"}],"about":[{"href":"https:\/\/teknapower.com.br\/index.php?rest_route=\/wp\/v2\/types\/product"}],"replies":[{"embeddable":true,"href":"https:\/\/teknapower.com.br\/index.php?rest_route=%2Fwp%2Fv2%2Fcomments&post=1161"}],"wp:featuredmedia":[{"embeddable":true,"href":"https:\/\/teknapower.com.br\/index.php?rest_route=\/wp\/v2\/media\/1162"}],"wp:attachment":[{"href":"https:\/\/teknapower.com.br\/index.php?rest_route=%2Fwp%2Fv2%2Fmedia&parent=1161"}],"wp:term":[{"taxonomy":"pwb-brand","embeddable":true,"href":"https:\/\/teknapower.com.br\/index.php?rest_route=%2Fwp%2Fv2%2Fpwb-brand&post=1161"},{"taxonomy":"product_cat","embeddable":true,"href":"https:\/\/teknapower.com.br\/index.php?rest_route=%2Fwp%2Fv2%2Fproduct_cat&post=1161"},{"taxonomy":"product_tag","embeddable":true,"href":"https:\/\/teknapower.com.br\/index.php?rest_route=%2Fwp%2Fv2%2Fproduct_tag&post=1161"}],"curies":[{"name":"wp","href":"https:\/\/api.w.org\/{rel}","templated":true}]}}