{"id":10269,"date":"2025-10-07T16:30:14","date_gmt":"2025-10-07T19:30:14","guid":{"rendered":"https:\/\/teknapower.com.br\/?post_type=product&#038;p=10269"},"modified":"2025-10-07T16:46:26","modified_gmt":"2025-10-07T19:46:26","slug":"compressor-de-ar-cp6-0t-mk-127-v","status":"publish","type":"product","link":"https:\/\/teknapower.com.br\/?product=compressor-de-ar-cp6-0t-mk-127-v","title":{"rendered":"Compressor de ar CP6.0T-MK | 127 V"},"content":{"rendered":"<p>Leve e pr\u00e1tico com compartimento integrado, o compressor <strong>CP6.0T-MK<\/strong> possui <strong>8 bar de press\u00e3o m\u00e1xima<\/strong> e<strong> fluxo de 180 L\/min<\/strong>. Em formato de maleta, \u00e9 poss\u00edvel organizar e armazenar os acess\u00f3rios em um s\u00f3 lugar.<br \/>\nProjetado para aplica\u00e7\u00f5es leves, acompanha diversos bicos e adaptadores para o uso dom\u00e9stico e recreativo, como encher pneus, bolas, colch\u00f5es e brinquedos infl\u00e1veis.<\/p>\n<p><strong>Modelo:<\/strong> CP6.0T-1MK<br \/>\n<strong>Pot\u00eancia nominal<\/strong>: 1,5 HP<br \/>\n<strong>Tens\u00e3o:<\/strong> 127 v<br \/>\n<strong>Frequ\u00eancia:<\/strong> 60 Hz<\/p>\n<ul>\n<li><strong>Acess\u00f3rios Inclusos:<\/strong><br \/>\nBico c\u00f4nico<br \/>\nAgulha para bolas e bexigas<br \/>\nAdaptador schrader<br \/>\nAdaptador c\u00f4nico<br \/>\nAdaptador de v\u00e1lvula com rosca interna<br \/>\nAdaptador curto para bolas pequenas ou brinquedos infl\u00e1veis<br \/>\nAdaptador de v\u00e1lvula Presta<br \/>\nPistola<\/li>\n<\/ul>\n","protected":false},"excerpt":{"rendered":"<p><strong>Pr\u00e1tico, leve e compacto.<\/strong><br \/>\nO compressor <strong>CP6.0T-MK<\/strong> possui compartimento nas laterais, ideal para manter todos os acess\u00f3rios organizados em um s\u00f3 lugar.<br \/>\nSeu design leve e pr\u00e1tico possibilita o uso nos mais diversos cen\u00e1rios, como em acampamentos, limpeza de equipamentos e inflar bolas, bal\u00f5es e similares com mais facilidade.<\/p>\n","protected":false},"featured_media":10270,"comment_status":"open","ping_status":"closed","template":"","meta":[],"pwb-brand":[],"product_cat":[28],"product_tag":[],"class_list":{"0":"post-10269","1":"product","2":"type-product","3":"status-publish","4":"has-post-thumbnail","6":"product_cat-compressores-de-ar","8":"first","9":"instock","10":"shipping-taxable","11":"product-type-simple"},"brands":[],"_links":{"self":[{"href":"https:\/\/teknapower.com.br\/index.php?rest_route=\/wp\/v2\/product\/10269","targetHints":{"allow":["GET"]}}],"collection":[{"href":"https:\/\/teknapower.com.br\/index.php?rest_route=\/wp\/v2\/product"}],"about":[{"href":"https:\/\/teknapower.com.br\/index.php?rest_route=\/wp\/v2\/types\/product"}],"replies":[{"embeddable":true,"href":"https:\/\/teknapower.com.br\/index.php?rest_route=%2Fwp%2Fv2%2Fcomments&post=10269"}],"wp:featuredmedia":[{"embeddable":true,"href":"https:\/\/teknapower.com.br\/index.php?rest_route=\/wp\/v2\/media\/10270"}],"wp:attachment":[{"href":"https:\/\/teknapower.com.br\/index.php?rest_route=%2Fwp%2Fv2%2Fmedia&parent=10269"}],"wp:term":[{"taxonomy":"pwb-brand","embeddable":true,"href":"https:\/\/teknapower.com.br\/index.php?rest_route=%2Fwp%2Fv2%2Fpwb-brand&post=10269"},{"taxonomy":"product_cat","embeddable":true,"href":"https:\/\/teknapower.com.br\/index.php?rest_route=%2Fwp%2Fv2%2Fproduct_cat&post=10269"},{"taxonomy":"product_tag","embeddable":true,"href":"https:\/\/teknapower.com.br\/index.php?rest_route=%2Fwp%2Fv2%2Fproduct_tag&post=10269"}],"curies":[{"name":"wp","href":"https:\/\/api.w.org\/{rel}","templated":true}]}}